alculate the remainder when 86 is divided by (-6)/(-33) - (-480)/s.
20
Suppose -2*j + 2 = 0, 3*q - 5*j - 2 + 1 = 0. Calculate the remainder when 117 is divided by (3 - (-10)/(-4))*q - -23.
21
Suppose -28 = -2*m - 5*m. Suppose 4*o - m - 12 = -4*z, -5*z = 3*o - 8. Suppose -x + o*x = 200. Calculate the remainder when x is divided by 21.
19
Let k(o) = -o**2 - 100*o + 23. Let d(r) = -r**2 - 7*r + 3. Calculate the remainder when k(0) is divided by d(-6).
5
Let z = -1162 - -1707. What is the remainder when z is divided by 39?
38
Let r(m) be the first derivative of -24*m**2 - 13*m + 6. Let f(k) = 34*k**3 - 2*k**2 + k. What is the remainder when r(-3) is divided by f(1)?
32
Suppose 32*o - 1060 - 444 = 0. What is the remainder when 467 is divided by o?
44
Suppose -18*b - 526 = -2*x - 22*b, 0 = -4*x + 5*b + 1117. Calculate the remainder when x is divided by 70.
63
Let d(l) = l**3 + 26*l**2 - 158*l - 59. Calculate the remainder when d(-31) is divided by 30.
4
Let u = 960 + -765. What is the remainder when u is divided by 18?
15
Let c = -33 - -38. Suppose 74 = c*h - 161. What is the remainder when h is divided by 6?
5
Suppose n = -2*h - 41, -h = -5*n - 251 + 90. Let b = 126 + n. What is the remainder when b is divided by 12?
9
Let b = 469 + -207. What is the remainder when b is divided by 44?
42
Let i = 4 - 0. Suppose -i*q + 5*v + 7 + 57 = 0, 3*v = q - 23. Let a(r) = -r**3 - 21*r**2 - 23*r - 28. What is the remainder when a(-20) is divided by q?
10
Suppose 42 = 4*m - 5*l, -3*m = -3*l + l - 28. Calculate the remainder when 35 is divided by m.
3
Suppose -p + 1 = -14. Suppose 2206 + 3049 = 42*a + 1685. What is the remainder when a is divided by p?
10
Let u be (0 + -12 + -1)*-1. Suppose 2*h - 8 - 6 = 0. What is the remainder when u - 0*(-1)/4 is divided by h?
6
Suppose -2*b = 4*n - 220, 0 = 2*n + 2*b + 41 - 153. Let v be 106/4*(17 - 1). Calculate the remainder when n is divided by v/16 + 6/4.
26
Let k(y) = -y**3 + 12*y**2 + 8*y + 7. Let r be k(13). Let g = r - -123. What is the remainder when g is divided by 11?
10
Suppose -5*y - 98 + 12 = -n, -5*n = -y - 526. Suppose 8*i - n = 6*i. What is the remainder when i is divided by 27?
26
Let a(g) be the first derivative of -3*g**2 - 29*g - 5. What is the remainder when a(-16) is divided by 17?
16
Let h(n) = 2*n**2 - 14*n + 7. Let v(p) = -1 - 1 + 0 - 2*p. Calculate the remainder when h(7) is divided by v(-3).
3
Let d = -924 + 997. Calculate the remainder when d is divided by 6.
1
Calculate the remainder when ((-1312)/128)/(2/(-16)) is divided by 7.
5
Suppose 4*y = 2*y + 12. Suppose 0*f + y = -2*f. Let x(c) = -c**3 - 2*c**2 + c + 4. Calculate the remainder when 17 is divided by x(f).
7
Let g(u) = -u**3 + 21*u**2 + 13*u - 23. What is the remainder when g(21) is divided by 24?
10
Suppose -11 = 2*a - 57. Suppose -240 = 30*g - 660. What is the remainder when a is divided by g?
9
Suppose 47*i - 1995 = -240 + 313. What is the remainder when (-166)/(-2) + (-1)/(-1) is divided by i?
40
Calculate the remainder when (48/20)/((-1)/80*-6) is divided by 17.
15
Let p(c) = -19*c + 162. Calculate the remainder when 129 is divided by p(8).
9
Let a(d) = -2*d + 1. Let c be a(-2). Suppose l + 5*o = 22, c*l = l - 4*o + 72. Let s = 497 + -430. Calculate the remainder when s is divided by l.
16
Let y be 3/(-2) + 6/4. Suppose y = -0*i - 2*i + 158. Let d(o) = 11*o - 2. Calculate the remainder when i is divided by d(2).
19
Suppose -5*p + 1000 = -4*a, 0*a = -p + 3*a + 189. Calculate the remainder when 56 is divided by (-10)/25 + p/10.
16
Suppose -117 = -8*c + 75. Calculate the remainder when 142 is divided by c.
22
Let r = 19 + -16. Suppose -r*v + 39 = -30. Let l = v - 6. What is the remainder when l is divided by 6?
5
Suppose 0 = 4*a + 3*b - 4955, -2685 = -4*a - 4*b + 2267. What is the remainder when a is divided by 18?
17
Let d(w) = w**3 - 9*w**2 + 10*w - 7. Let z be d(8). Suppose 3*b + z = -18. Calculate the remainder when 9 is divided by (-22)/33*(b - 0).
3
Let s = -31 + 32. What is the remainder when 54 is divided by 4 - -2*5*s?
12
Let v = 1065 + 55. Let x = 146 + -55. Calculate the remainder when x is divided by ((-2)/(-7))/2 + v/49.
22
Let h(m) = -64*m + 765. What is the remainder when h(-24) is divided by 24?
21
Suppose 7*l - 10 = 2*l. What is the remainder when ((-68)/8 + l)*-6 is divided by 21?
18
Let h = 20 + -7. Suppose 4*d - 4*t - 16 - 4 = 0, 0 = 4*d + 3*t - h. Calculate the remainder when d is divided by 3.
1
Let j be 2*4/((-12)/(-159)). Let h = 208 - j. What is the remainder when h is divided by 13?
11
Let f = -66 - -107. Let r = 374 + -360. Calculate the remainder when f is divided by r.
13
Let p = 702 - 664. Calculate the remainder when 85 is divided by p.
9
Suppose -3*o + 25 = a, 2*a = -5*o - 28 + 69. Suppose 0 = c + 2*c - o. Let x = -65 + 73. Calculate the remainder when x is divided by c.
2
Let h = 1 - 0. Let m = -180 + 185. What is the remainder when 1 + 13 - h*2 is divided by m?
2
Let c(u) = -u**2 - 20*u + 78. Calculate the remainder when 19 is divided by c(-23).
1
Suppose 4*p = -t + 102, -4*t + 2*p + 117 = -363. What is the remainder when t is divided by 30?
28
Calculate the remainder when 147 is divided by (4/10)/((20/375)/4).
27
Let k(w) = w**2 - 33*w + 161. What is the remainder when k(30) is divided by 26?
19
Suppose 0 = -4*u + 8, -5*u = -6*y + 11*y - 55. What is the remainder when 34 is divided by y?
7
Let k(v) = v**3 + 2*v**2 - 2*v + 1. Suppose 5*s + 5 - 15 = 0. Calculate the remainder when 37 is divided by k(s).
11
Suppose 0 = -24*m + 22*m - 352. Calculate the remainder when (m/(-12))/(4/6) is divided by 8.
6
Let w = 251 - 90. What is the remainder when w is divided by 59?
43
Suppose 0 = -54*r + 17616 - 5034. What is the remainder when r is divided by 18?
17
Let r = 134 + -85. What is the remainder when 89 is divided by r?
40
Suppose 14*d - 515 = 143. What is the remainder when d is divided by 12?
11
Let z = -33 - -42. Let l = z - -3. Suppose -n + 21 + 0 = 0. What is the remainder when n is divided by l?
9
Let t = 1546 + -1494. Suppose 2*z = 7*z - 4*x - 115, -3*x = z - 42. Calculate the remainder when t is divided by z.
25
Let y = 18 - 9. Let h = 47 - 44. Suppose -v + 0*v - m + y = 0, -4*m - 55 = -h*v. What is the remainder when 38 is divided by v?
12
Let q = 1027 - 888. Calculate the remainder when q is divided by 16.
11
Suppose 0 = 4*i - 39 + 143. Let b = i + 109. What is the remainder when b is divided by (-208)/(-24)*(2 - -1) + 2?
27
Let w(p) = p**2 + 44*p + 442. What is the remainder when 108 is divided by w(-32)?
50
Let r = 135 - 24. Calculate the remainder when r is divided by 32.
15
Let n = 553 - 386. Let f = 856 - 842. Calculate the remainder when n is divided by f.
13
Let w be (-3)/(-1)*1 - 0. Suppose s - 4*y = y + 60, w*s - 5*y = 130. Let r(z) = -z**3 - 9*z**2 - 25*z - 9. What is the remainder when s is divided by r(-3)?
11
Let h = -200 + 233. Suppose t + 36 = 3*t. Calculate the remainder when h is divided by t.
15
Let n be (74/(-111))/(1/(6 - 0)). What is the remainder when 81 is divided by n*5/(-10)*11?
15
Let g = -18 + 18. Let l(i) = i**2 + 2*i + 18. Suppose 0 = 2*o + 2*h - 74, -3*o - 3*h + 181 = 2*o. What is the remainder when o is divided by l(g)?
17
Let t be (-498)/(-54) - 4/18. Suppose t = u + 13. Let y(a) = -a**3 - a**2 + a - 9. Calculate the remainder when y(u) is divided by 20.
15
Let l = 8 + -3. Calculate the remainder when 10*((-132)/(-96) + (-6)/16) is divided by l.
0
Suppose 31*u = 26*u + 150. Let q = u - 25. Suppose -2*c = q*t - 5, -2*t - 5*c = -c + 14. Calculate the remainder when 3 is divided by t.
0
Let z(j) = 25*j - 815. Calculate the remainder when 225 is divided by z(35).
45
Suppose 5*x - 5*k - 295 = 0, -4*x + k = -0*k - 236. Let n be (10/8)/((35/(-40))/(-7)). Suppose 4*d = n*d - 180. Calculate the remainder when x is divided by d.
29
Let o be (3/2)/(365/350 - 1). Suppose 5*f - 120 - o = 0. What is the remainder when 92 is divided by f?
30
Suppose 0 = -7*h - 64 - 76. Let j = h + 12. Calculate the remainder when 13 is divided by (60/j)/((-3)/4).
3
Let t = 8 + -6. Suppose 2*h + t*h - 16 = -2*l, 3*l = 12. Calculate the remainder when 12 is divided by h.
0
Suppose -18*z = -13*z. Suppose z = a - 11 - 42. What is the remainder when a is divided by 11?
9
Let y = -6 - -13. Let f(v) = 3*